19 - 0)?
-13
What is (-2 - 10 - 2) + (-12 - -1)?
-25
What is the value of 29 - ((-37 - -18) + 57)?
-9
Evaluate -10 + 7 + -1 + (-1 - 7).
-12
Evaluate 4 - (8 - 30) - 21.
5
Evaluate (-27 - (0 + -2 + -5)) + 8.
-12
What is -27 - (-10 + (12 - 20))?
-9
What is the value of -1 + -22 + 0 + 5 - -6?
-12
What is the value of -1 + -2 - (-6 + 10 - (-6 + -1))?
-14
What is the value of 364 + -373 + 3 + 1?
-5
6 + 7 + 1 + 3 + -4
13
23 - ((-9 - -31) + -18)
19
What is -31 + 2 + (3 - -41)?
15
What is 4 - 1 - -3 - (14 - 16 - 6)?
14
What is -1 + -7 - (38 - 27 - (9 + 4))?
-6
Calculate 10 - (-5 - -4 - (3 + 0 + -8)).
6
Calculate (9 - 22) + (-3 - (1 + -3)).
-14
What is the value of -277 - -271 - (2 + -2 + -10)?
4
What is -334 + 365 - (1 + 19)?
11
Evaluate 7 - (-14 - (-6 - 10)).
5
What is -4 - (5 + -21 + 1 + -8) - 1?
18
What is 0 - -18 - 23 - -23?
18
What is 6 + -17 + 27 - 5?
11
Evaluate -11 - (-12 + -2 + -5 + -2).
10
Evaluate 11 - 15 - (-9 - (3 - 9)).
-1
Calculate 2 - (-14 + (12 - -16)).
-12
What is the value of (1 - 0) + -2 - (-614 - -602)?
11
What is the value of 25 - (-1 + 2 + (-7 - -17 - 2))?
16
What is the value of -13 - -4 - -5 - 9?
-13
2 - (0 - 1) - ((-5 - -1) + 3)
4
What is the value of (4 - -1 - (-26 + 14 - -66)) + 11?
-38
Evaluate (89 - 74) + (0 - 31) - 8.
-24
Calculate 0 + -6 + (-7 + (8 - 8) - -13).
0
Evaluate -2 + 3 + (-103 - -100).
-2
Calculate 3 - (10 + (14 - 23) + (2 - 1)).
1
What is the value of (-7 + 15 - 12 - (-8 + 0)) + -26?
-22
What is the value of 8 - -3 - (15 + -8)?
4
What is the value of 21 - (-41 + 17 + 58)?
-13
What is -7 - (8 + -26 + 2)?
9
Evaluate 1 + -17 + 48 + -46.
-14
Evaluate -22 + 15 + (-15 - -12).
-10
Evaluate -11 + 2 + -3 + 7 - (-8 - 0).
3
What is 5 - (-8 + 1 + (-6 + 25 - 6))?
-1
What is the value of 0 + 7 - (-191 + 205)?
-7
What is the value of -10 + -14 + (-17 - -15) + 9?
-17
What is 20 + (-28 - (10 + -22))?
4
Evaluate -47 + 57 - (7 - -20).
-17
What is the value of 1 + -22 + (-114 - -119)?
-16
Evaluate -9 + 29 + -14 - (-2 - (-30 + -2)).
-24
Evaluate 4 - (-5 + 10) - (4 + -1 + 6).
-10
Calculate 11 - (42 - (-38 + 55)).
-14
Calculate -21 + 34 + (-24 - -7).
-4
1 + (-1 - (1 - -11)) - (26 - 29)
-9
Calculate (-34 - -7 - -37) + -1.
9
-24 - (2 + -4 - ((-7 - 4) + 12))
-21
What is the value of (-21 - (-15 - 2)) + 32?
28
What is 3 - (-14 + -4 + 9 + 7)?
5
Evaluate 46 + (8 - (21 + -38 - -38)).
33
What is the value of -1 + (-7 - -10) - (-3 + 1)?
4
What is -1 - -11 - (2 - (8 - 34))?
-18
Evaluate (-2 - 0) + (10 + 2 + -13 - 1).
-4
What is the value of -2 + 19 - (242 - 254)?
29
11 + 6 + (-2 - (-7 + 0)) + -14
8
Calculate -8 - 10 - 11 - -14 - (-1 + -2).
-12
What is 3 + -21 - (-69 - -69)?
-18
-4 - ((2 + -2 - -7) + -19 + 25)
-17
What is the value of (32 - 9) + -15 + -13 + (1 - 0)?
-4
-5 - (-13 + (23 - 4))
-11
What is -36 - 0 - (124 - 130)?
-30
23 + (9 - (39 - 15) - (-8 + 0))
16
-20 - (11 - 13 - -4)
-22
Evaluate 317 + -319 - (-1 - -10).
-11
Calculate -3 + (6 + 1 - (31 + -25)) + 14.
12
What is 13 - 34 - -40 - 48?
-29
1 - -2 - 2 - 9 - (-280 + 285)
-13
Calculate (-1 - -22) + (1 - (10 + (7 - 13))).
18
Calculate 2 + -17 + (-1 - 10) + 14.
-12
Evaluate 0 - (21 + 13 + -20).
-14
Calculate -3 + -3 + (2 - 0) + 5 + 7.
8
What is the value of (1 - -5) + -11 + 9 + -6?
-2
What is the value of (-123 - -111) + (-3 - (-17 + -1)) - -25?
28
Evaluate -13 + 1 + (19 - 25 - -38).
20
-32 - (3 - 5) - (-23 + 22)
-29
(18 - 1) + -1491 + 1498
24
(-1 + -8 - (-9 + 3)) + 13
10
What is -5 - (-7 - (7 + (10 - 43) - -3))?
-21
Calculate 0 + (10 - 12) + -6 - (1 - 4).
-5
36 + -29 + (4 - -4)
15
(0 - -1 - -4) + -8 + 1 - 3
-5
What is the value of 18 - 8 - (12 + -9 - 10)?
17
What is the value of (180 - 192) + (-2 - -15)?
1
-8 - (7 + 26 + -42)
1
Calculate 7 + (-1 - 4) + 1 + 2 + 1.
6
What is the value of 11 + 12 + 11 + (6 - 28) + 9?
21
Calculate 5 + 8 - (-12 - -6 - -6).
13
What is (-2 - -7) + -4 + 0 + -8?
-7
Evaluate 3 - (-21 - (-54 - -20)).
-10
What is -1 + 10 + -12 + 6 + -47 + 60?
16
What is (-11 - -1) + 35 + -23 + 5?
7
Evaluate (2 - 3) + 8 + -9 + (2 - -16).
16
Calculate -10 + 16 + -3 + -14.
-11
Calculate 7 + (-18 - (-3 - 2)).
-6
Evaluate -2 + 0 + -11 + -123 + 133.
-3
0 - 3 - 0 - 7
-10
Calculate (-15 - (-92 - -89)) + 1 + -23 + 0.
-34
What is the value of -663 + 674 - (27 - 0 - 0)?
-16
What is the value of -14 + -1 + 22 - 16 - (-26 + -1)?
18
Calculate 17 + (-37 - -25) + -1.
4
What is (-6 - 3) + 1 + -6 + 9?
-5
Calculate -6 - ((-7 - -15) + -23).
9
(1 - (-2 - (7 - 12))) + -32 + 9
-25
What is (-21 - (0 + 10)) + 57?
26
Evaluate (7 - (38 + -34)) + 5.
8
What is the value of -24 - ((-4 - -20) + 6 + -13)?
-33
-124 - -89 - (-1 - 8)
-26
Evaluate 24 + 13 + 1 + 2 + -15.
25
What is -7 + 17 - (7 + 9)?
-6
What is 11 - (39 + -11 + -5) - (-2 + 8)?
-18
What is the value of -5 + 2 + -5 - (46 + -50)?
-4
Evaluate -9 + (12 - (-6 + 11 - (2 - 4))).
-4
What is 6 - (8 - (3 + 2)) - -4 - -2?
9
What is the value of -2 + 5 + 5 + (-1 - 1)?
6
1 + -1 + (7 - 11 - 3)
-7
Calculate 10 + -26 + 13 + 9 + (-23 - -1).
-16
Evaluate (-10 + -2 + 0 - -9) + 0 + -1.
-4
-35 - (9 + -3 + (69 - 75))
-35
-7 + (1 - (8 + (9 - 10)))
-13
What is 25 - (10 - (22 + -20))?
17
Calculate -20 - -18 - (6 + (3 - 0)).
-11
What is the value of 0 - 5 - (35 + -43)?
3
(10 + 11 - 10) + 0 + -20
-9
What is the value of (1 - -10) + -17 - -2?
-4
What is (7 - ((5 - 0) + -2)) + 13 - 4?
13
15 - (-3 + -8 + 4 - -7)
15
Calculate 2 + 18 + -37 + 8.
-9
109 + -125 + (11 - 1)
-6
What is -21 + 8 + -4 + 25?
8
What is 19 + (2 + -8 - 3) - (7 + -1)?
4
Calculate 0 - (-12 + -5 - -4) - (-9 + 9).
13
What is -27 + 0 + (-12 - (-21 + 17)) - -10?
-25
Calculate 24 + (42 - 79 - 12).
-25
What is the value of (5 - 15) + 7 + -2 - (-9 - 0)?
4
Calculate 21 - (4 + 4 + (-12 + -13 - -14)).
24
Calculate -12 + -3 + 1 + 3.
-11
Evaluate -11 + (6 - 3) + -1 - 7.
-16
What is (13 - (10 + -10) - 13) + (-2 - 3)?
-5
What is (-2 - (28 + 0)) + (-715 - -723)?
-22
What is 8 + 8 + -4 + -5 + -4?
3
What is the value of -27 - -8 - (-2 + -1 + -5)?
-11
What is 3 + (5 - 11) + 10 + (-16 - -2)?
-7
Evaluate 59 + -81 + (1 - (2 - -1 - 5)).
-19
Evaluate (-18 - -19) + 0 + -5 + 2.
-2
Evaluate -2 + -9 - (-24 - (-8 + 18)).
23
What is the value of 1 + 1 + (4 - 0) - (47 + -51)?
10
-3 + 2 - 0 - (-21 - -30)
-10
(6 - 8 - 12) + -15 + 4
-25
What is the value of 19 - 5 - 5 - (-8 - (-8 + 1))?
10
What is 12 + -5 + -14 - (1 - 16)?
8
What is 13 + 12 + -35 - (-14 + 7)?
-3
Calculate (-14 + -30 - -39) + 38.
33
(-6 - -19 - 10) + -19
-16
18 + (-13 - -6) + -3
8
What is 8 - ((-17 - -34) + 16) - -7?
-18
Calculate 4 + 0 - (-24 + (-2 - -14)).
16
Evaluate (-41 - -11) + -1 + 8 + -4.
-27
Evaluate 13 + -3 + -1 - 2 - (37 - 30).
0
-11 - ((-18 - -10) + 7)
-10
Calculate -2 + (-7 - ((18 - 5) + -13)).
-9
Evaluate 1 - -7 - (12 + (16 - 14 - 11)).
5
Calculate 6 + ((-7 - -5) + 11 - (6 - 4)).
13
Evaluate -17 + (24 - (-11 + 42)).
-24
Evaluate -4 + (2 - -5) + (-16 - -17) + -10.
-6
Evaluate 13 - 23 - -3 - (5 + 1).
-13
(-43 - -71) + -4 - 12
12
What is the value of (-73 - -37) + 23 - -17?
4
Calculate 14 - (45 - (16 + 2)).
-13
4 + (-4 + -14 - (5 - 11))
-8
Evaluate ((0 - 1) + 3 - 0) + 58 + -34.
26
What is the value of -2 - (-4 + 0 - (13 - 14)) - -31?
32
What is the value of -37 + 16 + (14 - 19)?
-26
Evaluate (90 - 99) + 2 + 11.
4
31 + (-25 + 19 - 15)
10
What is 0 - 2 - -11 - (-103 - -128)?
-16
Evaluate -9 - (3 + (-18 - -7)) - 2.
-3
(18 + -4 - -12) + -3
23
What is the value of (10 - -5) + -8 + 2?
9
What is -9 - (-27 - -4) - 10?
4
Calculate (4 + 0 + -3 - -6) + -19.
-12
What is 11 + (-9 - (0 + (-10 - 0)) - 30)?
-18
Calculate 5 - -1 - (-36 + 30 + (12 - 0)).
0
What is the value of 6 + -7 + 2 + -8?
-7
Evaluate (0 - 8 - (3 + -9)) + -8.
-10
Evaluate 0 + 15 + -11 + (1 - (5 + 2)).
-2
Evaluate -5 + 2 + -3 - (-4 - 8).
6
(1 - 0 - -28) + (-42 - -8 - -25)
20
13 - (0 - (0 - 2) - (-53 - -59))
17
What is 9 + (-5 - (-6 + (10 - 1))) + -26?
-25
-6 - ((-21 - 5 - -11) + -6)
15
Evaluate -38 - (6 + -13) - (2 + (4 - 9)).
-28
Evaluate (-34 + 15 - 16) + 20.
-15
Evaluate -30 + 27 + (-1 - -6) + 4.
6
11 - (-10 - -5 - -5 - 2)
13
Evaluate -1248 + 1224 - (-9 + 0).
-15
Evaluate (-10 - (-10 + 9)) + -7.
-16
-400 + 413 + (-16 - (2 + 0))
-5
What is the value of -11 - 34 - -32 - (2 + 0)?
-15
6 - (22 - (21 - 15)) - (0 + 1)
-11
Calculate -18 + (13 - -4) + -9.
-10
What is the value of (-11 - (18 - 17)) + 8?
-4
Calculate 11 +